e the prime factors of s/(-3) + (-2)/(-3)?
3
Let g(a) be the first derivative of a**3/3 + a**2/2 - 3*a - 1. List the prime factors of g(3).
3
Suppose 4*x - 2*i = -2, -3*x + 6*x + i - 11 = 0. List the prime factors of 0 - (x - (-36)/(-1)).
2, 17
Let l(n) = -2*n + 84. What are the prime factors of l(19)?
2, 23
Let m be 16/12*(-6)/(-16)*6. Suppose 0 = m*x - 8*x + 710. List the prime factors of x.
2, 71
Suppose -8 = d + 7*d. What are the prime factors of 1/d*(-1 - (196 - 0))?
197
Let p = -22 + 5. Let l = p - -57. Suppose 10 = 5*w - l. What are the prime factors of w?
2, 5
What are the prime factors of 21/(-56) - (-7)/((-224)/(-28940))?
2, 113
Suppose -4*g + 44 = -4*b, -4*g - b - 3*b + 12 = 0. Suppose -k - 4 + g = 0. What are the prime factors of ((-6)/10)/(k/(-255))?
3, 17
Let b be ((-108)/(-16) + -7)/((-1)/40). Let m(u) be the third derivative of u**6/120 - u**5/6 + u**4/8 - 5*u**3/2 + u**2. List the prime factors of m(b).
3, 5
List the prime factors of 943/164*16*1.
2, 23
Let v(p) = -10*p - 48. Let c be (-70)/8 - ((-76)/16 + 5). What are the prime factors of v(c)?
2, 3, 7
Let l(d) = 2*d**2 - 9*d + 9. Let w be (-1)/2 - (-7)/14. Let p be 9 - (7 + w + -3). List the prime factors of l(p).
2, 7
Suppose 38248 = 26*a - 12*a. List the prime factors of a.
2, 683
Suppose 11*p - 5*p - 42 = 0. Let d(c) = c**3 - 8*c**2 + 6*c - 3. Let a be d(p). What are the prime factors of (8 + -3)/a*-118?
59
Let v be -1*2/(-2)*0. Suppose 5*a = -5*y - 0*y + 170, a - 5*y - 46 = 0. Suppose v = 2*x - 8, -n + 3*n + 5*x - a = 0. List the prime factors of n.
2
Let y(x) = -x**3 - 8*x**2 + 5*x + 3. Let v(l) = -l - 18. Let m be v(-11). Let j be y(m). Let h = j - -154. What are the prime factors of h?
73
Suppose p = 4*m - 2*p - 1514, -6 = 3*p. What are the prime factors of m?
13, 29
Let z(w) = -4*w + 0*w**2 + 0*w**3 + 5*w**3 - 2*w**2 - 4 - 6*w**3. Let c be z(-3). Suppose -h + c + 11 = 0. List the prime factors of h.
2, 7
Let j = -35 - -37. Suppose 2*m - 3*w - 108 = 0, -176 = -j*m - w - 52. What are the prime factors of m?
2, 3, 5
Suppose -4*t - 4 + 24 = 0. Suppose 2*z = -u + 72, -6*u + 4*u - t*z = -145. What are the prime factors of u?
2, 5, 7
Let r = 107 - 105. List the prime factors of r.
2
Let m(s) = s**3 - 3*s**2 + s + 20. Let q be m(8). Suppose 3*l + q = 9*l. What are the prime factors of l?
2, 29
Suppose 12 = -2*l + 6*l. Let h(k) = l*k + 0*k**3 + 8*k**2 - 7*k - k**3 + 2. What are the prime factors of h(7)?
23
Let s = 292 + -111. Suppose -5*c - 4*b = -s, -2*c - 2*b = -0*c - 72. What are the prime factors of c?
37
Suppose -4*x = p - 2*p - 11, 5*x = -3*p + 1. Let j = -18 + 21. Suppose j*o + 270 = 4*u, -x*u + 3*o = 2*o - 136. List the prime factors of u.
3, 23
Suppose -3*u + 18 = 27, -3*x - 5*u + 5103 = 0. List the prime factors of x.
2, 853
Let k = 986 + -548. List the prime factors of k.
2, 3, 73
Let z(w) = 3 + 8*w - w**3 + 3*w**2 - 25*w + 20*w. Suppose -f + 3 = -0. What are the prime factors of z(f)?
2, 3
List the prime factors of (2 - (-156)/(-18))*(1 - 58).
2, 5, 19
Suppose -22*j = -0*j - 108812. What are the prime factors of j?
2, 2473
Suppose 0*s - 20 = -5*s. Let u = s + -1. Suppose 46 + 4 = u*h + 5*k, h + 5*k = 30. List the prime factors of h.
2, 5
List the prime factors of (956/3)/((-308)/(-1155)).
5, 239
Let c = 47 - 45. Suppose -t = t + c*f - 494, 4*t = -5*f + 992. What are the prime factors of t?
3
Let o = 99 + -50. What are the prime factors of 6/(-21) - (-2513)/o?
3, 17
Let t = -50 + 65. Suppose -5*j - 500 = -t*j. List the prime factors of j.
2, 5
Suppose 710*a = 700*a + 37410. What are the prime factors of a?
3, 29, 43
Let o(b) = 4*b**3 - b**2 - 2. Suppose 0 = 2*p + 3*l + 2*l + 1, 5*l = -5*p + 5. What are the prime factors of o(p)?
2, 13
Suppose -2*q + 1063 = -625. What are the prime factors of -4 - 52/(-14) - q/(-14)?
2, 3, 5
Let n(z) = 3*z**3 - 30*z**2 - 2*z + 23. Let m(r) = -r**3 + 10*r**2 + r - 8. Let o(v) = -17*m(v) - 6*n(v). What are the prime factors of o(9)?
2, 17
Suppose 0 = 3*h + 2*h - 2*l - 7, -3*h = l - 13. Suppose 0 = 4*c - 4*y, 3*c - 35 + 15 = -2*y. What are the prime factors of ((-72)/(-2))/(h/c)?
2, 3
Suppose 15*j + 45 = 225. Suppose 0 = -3*g - j, -3*g - 155 = -2*i + 5. List the prime factors of i.
2, 37
Suppose -4*d = -2*d + 40. Let a = -16 - d. Suppose 2*z - 4*i = 12, -12 = -3*z + 5*i + a. What are the prime factors of z?
2
Let r(z) = z**2 - 1. Let c be r(1). Suppose c = -3*q - q. Suppose -190 = -q*s - 5*s. List the prime factors of s.
2, 19
Suppose -2*c = 3*x - 1049, 3*c - 6*x + 4*x = 1567. What are the prime factors of c?
523
Suppose o - 2 + 0 = 0. Suppose -3*b + 3 = -4*b - f, o*f + 16 = 3*b. Suppose -b*d = d - 63. List the prime factors of d.
3, 7
Suppose 9*b - 4069 + 802 = 0. List the prime factors of b.
3, 11
Let k(v) = 15*v**2 + 15*v + 10. List the prime factors of k(6).
2, 5
Suppose -5*c - 37 = -7. Let l = -3 - c. Let r(w) = w**2 + w + 1. List the prime factors of r(l).
13
Let y(f) = 91*f**2 - 15*f - 129. List the prime factors of y(-6).
3, 13, 83
Suppose 5*j = -6*z + 3*z + 146, -5*j + 138 = -z. Let w be (0 + j)*1/2. List the prime factors of (-100)/(-14) - 2/w.
7
Suppose 0 = p - y, 0*y + 3*y = 2*p + 2. Let c(w) = -8*w**2 + 4 - p + 8*w + 10*w**2. List the prime factors of c(-6).
2, 13
Let h(w) = 4*w**2 + 2*w + 11. Let c be h(-7). Let u = 275 - c. List the prime factors of u.
2, 41
Let j = -1 + 5. Suppose r - 3*r = 4*h - 4, -2 = -j*h - r. Suppose h = -b - 5*u + u + 6, 7 = 4*b - u. List the prime factors of b.
2
Suppose -b - 6*u + 318 = -3*u, -4*u - 1304 = -4*b. List the prime factors of b.
2, 3
Let b(z) = 5*z**2 - 44*z + 70. What are the prime factors of b(29)?
2999
Let y(j) = 458*j + 4. What are the prime factors of y(1)?
2, 3, 7, 11
Let v be 10/8 - 1/4. Let n = -413 - -411. What are the prime factors of (-14)/((v - n)/(-3))?
2, 7
Suppose 8*x = 26*x - 79704. List the prime factors of x.
2, 3, 41
Let w(n) = 3*n**2 - n - 3. Let k be w(-4). Let t be (172/24 - 8)/((-1)/6). Suppose -k = -t*s + 26. List the prime factors of s.
3, 5
Let z(a) = -a - 6. Let w(i) = -i**2 - i + 12. Let r be w(-5). Let l be z(r). Suppose 2*t - 37 = y, -l*t + 54 = 4*y + 2. What are the prime factors of t?
2, 5
Let t(j) = 2*j**3 - 14*j**2 + 26*j - 14. List the prime factors of t(8).
2, 7, 23
Let d = -1444 - -2459. Suppose -4*c = -12, -5*w + c + 4*c = -d. What are the prime factors of w?
2, 103
Let c = 847 + -536. What are the prime factors of c?
311
Suppose -245*m + 246*m - 1079 = 0. List the prime factors of m.
13, 83
Let a(w) = 64*w**2 + 12*w - 7. What are the prime factors of a(2)?
3, 7, 13
Let w be (0/((-2)/1))/3. Suppose -76 = -p - 3*p + 3*v, w = v. Suppose 0 = -i + p - 1. What are the prime factors of i?
2, 3
Let w(v) = -180*v + 6. Let b be w(7). Let x be b/(-55)*(-10)/(-4). Let l = x - -2. List the prime factors of l.
59
Suppose -3*s - 518 = -5*s - 5*a, 3*s - 751 = -a. List the prime factors of s.
3, 83
Let k = 1423 - 830. What are the prime factors of k?
593
Let r be (1 + (-2 - -2))/3*-6. List the prime factors of (-91)/35 - r/(-5) - -118.
5, 23
Let m = 41 - 37. List the prime factors of -2 + m + 26 - 0.
2, 7
What are the prime factors of 3097 + (-14)/(-147) + (-290)/(-42)?
2, 97
Suppose -2*v - 10 + 16 = 0. Suppose -60 = -5*z + 4*a, 2*z + 3*z - 95 = -v*a. What are the prime factors of z?
2
What are the prime factors of -9*(-3)/((-280)/(-92) - 3)?
3, 23
Suppose -j = -3*o + 8*o + 257, 4*o = j + 302. Let v = j + 480. Suppose 5*l + 27 + 72 = 2*i, v = 5*i + 4*l. List the prime factors of i.
2, 3, 7
Let m(q) = -30*q**3 - 2*q**2 - 2*q - 6. Let a be m(-2). Suppose a = x - 59. What are the prime factors of x?
17
Let w = 128 + 54. List the prime factors of w.
2, 7, 13
Suppose 2*x - 890 = -180. Let d = x - 193. List the prime factors of d.
2, 3
Let z = 19 + -11. Let w be (-4)/1 - (-56)/z. List the prime factors of 36 + 19 - (w + -1).
53
Let l = -1542 - -5563. What are the prime factors of l?
4021
Let b(u) = -2*u + 5. Let k be b(5). Let p(c) = -2*c - 3. Let n be p(k). What are the prime factors of 19/n + 4/14?
3
Let j = 354 - 279. What are the prime factors of j?
3, 5
Suppose -5*z = -17 + 7. Let a be -15 - (-3 + 3 + z). Let u = 23 + a. What are the prime factors of u?
2, 3
Suppose b = -0*b + 14. Suppose -3*h = -73 - b. What are the prime factors of h?
29
Let h(b) be the f